Suppose -3*b + 387 = -6*b. Let g be 4/18 + b/(-27). Let c(n) = 3*n**2 - 3*n**2 - 9*n**2 + 4*n**2 - 7 + 6*n**2 - 2*n. What is c(g)?
8
Let h(k) be the first derivative of -k**5/20 - 7*k**4/12 - k**3 - 9*k**2/2 - 69*k - 4. Let c(s) be the first derivative of h(s). Determine c(-6).
-9
Let i(f) = -5*f**2 + 4*f + 6. Let u(m) = -m**2 + m + 1. Let n(c) = i(c) - 4*u(c). Suppose 7*p = 14*p + 35. Let w be (-4)/10*(-15 - p). Calculate n(w).
-14
Let p(d) = -307*d + 25 - 22*d**2 + 330*d - d**3 - 34. Give p(-23).
-9
Let t(k) be the third derivative of 13*k**4/8 + k**3/3 - 2807*k**2. What is t(1)?
41
Let j(b) be the third derivative of b**4/6 - 19*b**3 + 146*b**2. Give j(30).
6
Let n(a) = -a**2 - 13*a - 27. Let z = -21108 - -21104. Give n(z).
9
Suppose -6*k + 5*k = 53. Let h be (3 + -4)*(2 + 5 - (-230)/5). Let b = h - k. Let p(i) = -i - 2. What is p(b)?
-2
Let z be 0*(-1 - 1/(-2)). Let f(h) = 3*h + 210. Let a(l) = 7*l + 523. Let j(u) = -2*a(u) + 5*f(u). What is j(z)?
4
Suppose 5*w + 4 + 16 = 0, 3*u - w + 11 = 0. Let v(k) = -54*k - 3*k - 6*k + 70*k - 11*k - 11. Determine v(u).
9
Suppose 7*g - 5*g - 6 = 0. Let w(d) = -9*d**2 + 6*d - 34. Let z(u) = -5*u**2 + 3*u - 19. Let m(n) = 4*w(n) - 7*z(n). Give m(g).
-3
Let d be ((-35)/(-5) - 4) + -3. Suppose d = -8*r + 18*r - 40. Suppose -2*z = -5*p + 17, z - 3*z + r*p = 16. Let m(a) = a**3 + 7*a**2 + 6*a - 4. Give m(z).
-4
Let s(f) = f**3 + 41*f**2 - 46*f - 167. Suppose -6886*z - 840 = -6866*z. Give s(z).
1
Let l = -8 + -5. Let v(g) be the second derivative of -g**5/20 - g**4 + 7*g**3/3 + 5*g**2/2 - g + 105. Give v(l).
-8
Let d(x) = 14*x**2 + 47*x - 203. Let t(b) = 5*b**2 + 16*b - 76. Let m(f) = 3*d(f) - 8*t(f). Give m(-7).
6
Let l(n) = -1802*n**2 + 4*n - 6*n + 1804*n**2 - 53*n**3 + 1. Calculate l(1).
-52
Let v(f) = f**2 + 2*f + 1. Let i = -6 + -21. Suppose 0 = -8*x + 17 - 209. Let r = i - x. What is v(r)?
4
Suppose -50 = -f - 51, 5*f + 149 = -4*w. Let r(u) = 6*u + 212. Determine r(w).
-4
Let i(u) = 8*u**2 + 2 + 29082000*u**3 + 14*u - 5*u - 29081979*u**3. Give i(-1).
-20
Suppose 36*x - 4 - 5 = 27. Let u(w) = 19*w**2 - w + 2. Determine u(x).
20
Suppose -4*a - 6 = -3*r, -4*r - 14 = 4*a - 2*a. Let i(u) = 3*u + 2*u**2 - 1 + 2 - 2. Determine i(a).
8
Let h(u) = -u**3 + 5*u**2 - 9*u - 12. Let i(g) = 2*g**3 - 6*g**2 + 8*g + 3. Let a(v) = -3*h(v) - 2*i(v). Determine a(-3).
-3
Suppose 3*i = 56 + 268. Let k = i + -115. Let r(y) = 2*y + 10. Calculate r(k).
-4
Let b(q) be the second derivative of -q**5/30 - q**3/3 - 92*q**2 + 14*q - 3. Let d(s) be the first derivative of b(s). Determine d(-2).
-10
Let o = -92 + 93. Let q(h) = 2*h**2. Let r(b) = -5*b**2 + 3. Let s(f) = o*r(f) + 3*q(f). Give s(-3).
12
Let b(o) = -o**2 + 231*o - 10327. Let l be b(170). Let t(g) = g**2 - 42*g - 27. What is t(l)?
16
Suppose 36 = -69*h + 73*h. Let u(q) = 15 - 2*q**2 + q**2 + 11 - h + 11*q. Determine u(12).
5
Let i = -69 - -77. Let l(f) = 13*f + 1. Let k(w) = -9*w - 6. Let r(d) = 19*d + 13. Let m(v) = 13*k(v) + 6*r(v). Let c(q) = 2*l(q) + 9*m(q). Calculate c(i).
-6
Let s(t) = 12*t**3 + 23*t**2 + 25*t + 6. Let g = -30 + 22. Let v(j) = -19*j**3 - 35*j**2 - 38*j - 9. Let r(q) = g*s(q) - 5*v(q). Determine r(-7).
-31
Let o(l) = 2*l**2 - 6*l + 3. Let i(n) = -n**3 + 23*n**2 - 2*n + 31. Let g be i(23). Let f be (-1375)/(-10) + g/6. Suppose f = w + 131. Give o(w).
11
Let l(n) = 4*n**3 - 12*n**2 - 4*n + 6. Let h(m) = 5*m**3 - 15*m**2 - 5*m + 7. Let b(f) = 5*h(f) - 6*l(f). Calculate b(2).
-7
Suppose 0 = -2*u + 4, -5*u = 3*m - 3*u + 17. Let q be 2 + (-8 - -3 - m). Let c(p) = 1 - q + 2 + 27*p - 30*p. Determine c(2).
-7
Suppose 472 - 290 = 191*v - 582. Let o(z) = -5*z + 12. Calculate o(v).
-8
Let y(b) = b**2 - 3*b + 5. Let z(o) be the third derivative of 7*o**4/24 + 10*o**3 + 105*o**2. Let g be z(-8). Determine y(g).
9
Let g(r) = -r**3 + 5*r**2 + r + 1. Let k be g(5). Let x(f) = -k*f**2 + 2 + 3*f**2 + 2*f**2 + 0*f - 7*f. Calculate x(-7).
2
Let t(s) = -19*s + 585. Let p(h) = h**3 + 84*h**2 - 354*h - 145. Let a be p(-88). Give t(a).
-4
Suppose 1278*a = 1300*a + 110. Let z(j) = -j**2 + 9*j + 2. Give z(a).
-68
Let s(y) = 21*y**2 - 1. Let r(o) = 5*o**2 - o - 4. Let j be r(-1). Suppose n + 7 = -2*z, -5*n + z + j = -7. Give s(n).
20
Let c(q) = 23854*q - 70 + 23849*q + q**2 - 47706*q. Give c(10).
0
Let v(n) = 2*n + 3. Let s(b) = -7 + 0*b + 6*b - 10*b. Let q(o) = -4*s(o) - 7*v(o). Suppose 46*z = 45*z - 5. Give q(z).
-3
Let w = -46 - -291. Let k(n) = -w*n**2 + 244*n**2 + 2*n - n. Calculate k(0).
0
Let u(y) = 42*y + 21. Let f(z) = -95*z - 43. Let p(k) = -4*f(k) - 9*u(k). Determine p(13).
9
Let a(u) = 2*u + 7. Let x(v) = v**3 - 27*v**2 + 13*v - 45. Let w(d) = -d**2 - 2*d + 1. Let h(c) = 6*w(c) + x(c). Let s be h(33). Determine a(s).
-5
Let d(j) be the first derivative of j**3/3 + 9*j**2 - 17*j - 972. Give d(-9).
-98
Let u be ((-4)/10)/(1/(-10)). Let x(v) = -99 + 60 - 6*v + 56 - 61 + 47. Give x(u).
-21
Suppose -p = 2*j + 2*j - 34, -66 = -3*p - 3*j. Let s(m) be the first derivative of -18*m + 26*m - 16*m + 2*m**2 - p. What is s(6)?
16
Let r(i) = i**3 + 2*i**2 + 3*i + 10. Let w be (-1932)/506 - (-3)/(-3 - 81/6). Determine r(w).
-34
Let z(m) = m**2 + 8*m + 6. Let n be 1/(-4) - ((-15)/(-20) + (8 - 3)). What is z(n)?
-6
Let d(s) = -3*s**2 + 4*s**2 - 11*s**2 - 5*s + 11*s**2. Let l be (-2)/(9/(-6) - -1). What is d(l)?
-4
Let z(i) be the first derivative of 114 + 2*i - 3/2*i**2. What is z(1)?
-1
Suppose 6*f - 84 = -60. Let r(h) = 7 - h - 1 + 2*h - f. What is r(-6)?
-4
Suppose -5*n + 5*q + 1235 = 0, -q - 751 = 9*n - 12*n. Let l be (-3)/2*n/(-27). Let r(y) = y - 10. Determine r(l).
4
Let l be 5*-2*(-1)/(-2). Let h(a) = 171*a + 197*a - 371*a - 11. Calculate h(l).
4
Let n(y) = -y**3 - 11*y**2 + 11*y - 17. Let j(u) = 5*u**2 - 62*u - 124. Let s be j(14). What is n(s)?
-5
Let g be (124/(-124))/((-1)/(-7)) + 6/2. Let d(h) = -6*h**2 + 7*h + 5. Let o(f) = 7*f**2 - 8*f - 5. Let i(m) = -6*d(m) - 5*o(m). What is i(g)?
19
Let k be ((11 + (-13 - 4))/4)/(9/12). Let b(u) be the second derivative of -u**3/2 - 3*u**2/2 - u. Determine b(k).
3
Let y(o) be the second derivative of -o**5/20 - 3*o**4/4 + 2*o**3/3 + 39*o**2/2 - 74*o - 16. Calculate y(-9).
3
Let l(z) = z**3 + 9*z**2 + 3*z + 8. Let q be 110/(-15) + (-25)/15. What is l(q)?
-19
Let g = -94 + 116. Let l(t) = -7 - 12 + t + g - 5. Calculate l(-3).
-5
Let a(n) = 16*n - 65. Let h = -18111 + 18116. Give a(h).
15
Let f(j) be the first derivative of j**4/4 + j**3/3 - j**2/2 + 40*j - 1366. Determine f(0).
40
Let y(n) be the third derivative of 1/3*n**3 + 0 + 47*n**2 + 0*n - 1/24*n**4. Calculate y(7).
-5
Let y = -66 - -70. Suppose 8*g - 159 = 5*g. Suppose 5*d - 20 = 5*n, y*d - g + 16 = -3*n. Let v(s) = s**3 - 7*s**2 - 3. What is v(d)?
-3
Let i(z) = 2*z - 4*z**2 - z**2 + 3 + 2*z**2. Suppose 0 = 22*o + 169 - 125. Give i(o).
-13
Let l(v) be the first derivative of -3/2*v**3 - 9/2*v**2 + 1/12*v**4 + 23 + 46*v. Let m(n) be the first derivative of l(n). Calculate m(10).
1
Let g(d) = d**3 - 10*d**2 - 4. Let r be (5/(-2) - -1)/((-63)/210). Suppose r*b = 3*b + 8. Suppose -5*q - b*k + 50 = -8*k, 40 = 4*q + k. Calculate g(q).
-4
Suppose -1442 = -4*u + 5*n, 2*u - 3*n + 369 = 3*u. Let v = -368 + u. Let r(j) = j**2 + 5*j + 6. Give r(v).
6
Let z(u) be the first derivative of u**3/2 + u**2/2 - 66*u - 34. Let r(l) be the first derivative of z(l). Calculate r(-6).
-17
Let u be 38/5 + 14/35. Let w(x) = 28 + u*x - 34 - x**2 + 4*x**2 - 2*x**2. Calculate w(-8).
-6
Suppose -94 = 26*f + f - 202. Let n(y) = -1. Let r(l) be the second derivative of l**3/6 - 3*l**2/2 - 3*l. Let k(o) = 4*n(o) - r(o). Determine k(f).
-5
Let n(s) = -6*s + 212. Let l(z) = -3*z + 1. Let w(r) = l(r) + n(r). Determine w(22).
15
Let t be (10/(-15))/(-4 - 10/(-3)). Let o(d) = d + 9. Let i(q) = -2. Let g(z) = t*o(z) + 6*i(z). Calculate g(-7).
-10
Suppose 3*i = 4*y - 16, 3*y = -32 + 35. Let g(h) = -5*h - 1 - 2 - 2*h**2 - h. Calculate g(i).
-11
Let n(w) be the third derivative of w**5/12 - 3*w**4 + 5*w**3/2 + 3*w**2 - 174. Calculate n(14).
-13
Let c(h) = 6*h**2 + 3*h + 10. Let o(f) = -4*f**2 - 2*f - 11. Let d(i) = -5*c(i) - 6*o(i). Let v(s) = s**2 + s - 1. Let t(m) = d(m) + 5*v(m). Calculate t(5).
-4
Let m(s) = -715*s**2 - 713*s**2 - s + 2857*s**2 - 714*s**2 - s**3 - 712*s**2. Let a(x) = -2*x + 1. Let o be a(-1).